vided by q?
5
Suppose 10*l = -371 + 171. What is the remainder when 96 is divided by ((-10688)/l)/16 - 3/(-5)?
28
Let d(x) = -x**3 + 5*x**2 + x - 11. Let n be (-68)/18 + 52/(-234). Suppose 4*f - 61 = 43. Calculate the remainder when d(n) is divided by f.
25
Let w(y) = -5*y - 19. Let v be w(-5). Suppose v = -8*m - 34. Calculate the remainder when 79 is divided by (-1 - m)*(26 + -22).
15
Suppose 3*l + 272 = 5*n - 235, -2*l = 8. Calculate the remainder when n is divided by 55.
44
Let t(b) = -b**3 - 3*b**2 + 2*b + 20. Let m be t(0). Let r = -12 + m. What is the remainder when 29 is divided by r?
5
Let m(u) = 141*u - 1158. Calculate the remainder when m(28) is divided by 51.
36
Let w = -34 - -65. What is the remainder when (9125/292)/25*692 is divided by w?
28
Suppose -4636 + 12384 = 26*c. What is the remainder when (c/2 - -1) + 1 is divided by 18?
7
Let z(u) = 4*u**2 - 2*u + 2. Let b(c) = c**2 - 4*c + 4. Let q be b(1). What is the remainder when z(q) is divided by 3?
1
Let l(v) = -v**3 + 14*v**2 - 20*v + 23. Let x be l(12). Suppose -22 = -q + x. What is the remainder when q is divided by 23?
1
Suppose -54*d + 497 = -367. What is the remainder when 395 is divided by d?
11
Suppose -2*d + 8 + 2 = 0. Let y = -70230 + 70324. Calculate the remainder when y is divided by d.
4
Suppose 6 = 4*d + 2*s, 5*s + 36 = d + 7. Suppose 0 = 4*z + d, -2*p - 4*z = -8*z - 56. Calculate the remainder when 187 is divided by p.
5
Suppose -5*o - 5*n = -15, -4*n + 9 = o - 3. Suppose -11*k + 98 = 5*u - 8*k, o = -5*u + 2*k + 118. What is the remainder when 158 is divided by u?
4
Suppose 0 = 2*s + 5*s - 126. Suppose 7*z - s*z + 121 = 0. Calculate the remainder when z is divided by 7.
4
Let m(i) = 138*i - 8. Let n be m(1). Suppose -4*z + n = 9*z. Suppose z = 5*u, 5*u - 70 = -3*r - 6. What is the remainder when 29 is divided by r?
11
Suppose -1347*l + 6370 = -1312*l. Calculate the remainder when 1261 is divided by l.
169
Suppose v = 2*n + 15630, 13851 = 2*v + 4*n - 17385. Calculate the remainder when v is divided by 13.
11
Let h be (3/(-2))/(1/4). Suppose -2*x - 6 = -6*l, -11*l + 5*x - 5 = -6*l. What is the remainder when (40/h)/((-8)/12) is divided by l?
0
Let a = 78 - -60. Suppose 15*l - 210 = 9*l. Calculate the remainder when a is divided by l.
33
Let x = -18789 - -24939. Calculate the remainder when x is divided by 47.
40
Suppose 5*b - 25 = 4*b. Suppose 0 = -4*t + b + 15. Suppose i - 106 = -3*f + 5*i, 0 = 5*f - i - 154. What is the remainder when f is divided by t?
0
Let t(m) = -m**2 - 6*m + 30. Let w be (-1166)/18 + (3 - 145/45). Let k be w/7 - (-2 + 12/7). What is the remainder when 11 is divided by t(k)?
2
Let j(a) be the first derivative of a**4/4 + 10*a**3/3 + 9*a**2/2 + 16*a - 3. Let g be j(-9). Let q = g - -12. Calculate the remainder when 83 is divided by q.
27
Let f = -1252 + 1261. Let r = 221 - 106. Calculate the remainder when r is divided by f.
7
Suppose 153*q - 103012 = 3476. Calculate the remainder when 724 is divided by q.
28
Suppose 180 = 2*w - 16. Suppose -5*x = -25, -2*x = -0*u + 4*u - w. What is the remainder when 42 is divided by u?
20
Suppose 3*y + 233 = 4*c, 3*y = -c - 7 + 69. Calculate the remainder when c is divided by 8.
3
Let s(q) = -q**3 + 8*q**2 - 13*q + 53. Suppose 0 = 5*i - 3*m - 36, m + 14 = -0*i + 2*i. Calculate the remainder when s(i) is divided by 19.
9
Let y(c) = -28*c. Calculate the remainder when 875/10 - 3*((-17)/2)/17 is divided by y(-1).
5
Let p = 4182 + -4171. Suppose -4*j + 145 = -111. Calculate the remainder when j is divided by p.
9
Suppose 2*a - 3*h - 17 = 0, -3*h + 4 = -a - 4*h. Let i = a - 6. Calculate the remainder when 95 is divided by ((-5)/(i/16))/1.
15
Suppose h + 1543 = 5*d, -2*d + 44*h = 45*h - 634. Suppose 2*w = -3 + 29. Calculate the remainder when d is divided by w.
12
Let j(w) = w**3 + 64*w**2 + 72*w + 723. Calculate the remainder when j(-53) is divided by 27.
23
Suppose 80 = 399*k - 391*k. Suppose -k*j + 202 = -138. What is the remainder when 61 is divided by j?
27
Let l = -986 + 635. Let m = l - -371. What is the remainder when 51 is divided by m?
11
Suppose 1342 = 4*m - 4*f - 738, 2055 = 4*m + f. What is the remainder when m is divided by 74?
71
Suppose 66 + 254 = 4*g - 252. Calculate the remainder when g is divided by 94.
49
Suppose 3*l = -t + 1012, 1163 = -3*t + l + 4189. Calculate the remainder when 3032 is divided by t.
5
Suppose c + 3 = 0, 0 = -4*a - 0*c + 5*c + 2591. Let l = -596 + a. What is the remainder when 381 is divided by l?
45
Let l = -493 - -499. What is the remainder when 643 is divided by l*7 - (-32 + 28)?
45
What is the remainder when 36*(-89)/(-4) + 0 + 2 + -2 is divided by 158?
11
Let u(p) = 275*p + 586. Calculate the remainder when 185 is divided by u(-2).
5
Let q = 402 + -544. Let r = q - -169. Calculate the remainder when 35 is divided by r.
8
Calculate the remainder when 107 is divided by ((-62)/(-14) + -4)*(49 - (5 - 19)).
26
Let z(g) = 2*g**2 + 92*g - 58. What is the remainder when 171 is divided by z(-47)?
27
Suppose 3*a - 118 = a. What is the remainder when a is divided by 4*4 + (-1113)/159?
5
Let a be (5 + 28)*(-24)/(-9). What is the remainder when 59 is divided by 11/(a/8) + 1*7?
3
Suppose 71*o - 8211 - 23810 = 0. Calculate the remainder when 1804 is divided by o.
0
Let r(n) = n**3 - 3*n**2 - 23*n - 1. Let t be r(8). Suppose 2*l - t = -127. What is the remainder when 9 is divided by l?
1
Suppose 14*s - 38*s + 7776 = 48*s. Calculate the remainder when 529 is divided by s.
97
Suppose 0 = 7*r + 307 - 321. What is the remainder when 60 is divided by (r*9)/((-20)/(-30))?
6
Let o(c) = -93*c + 537. Let z be o(5). Let b be (-88)/(-6) - 4/6. Suppose z = -6*y + b*y. Calculate the remainder when 25 is divided by y.
7
Let c(v) = 4*v**3 - 29*v**2 + 10*v - 9. Let l be c(7). Suppose 180 = l*o - 84. What is the remainder when 78 is divided by o?
12
Let i(s) = -s. Let l(m) = 3*m**2 - 2*m + 5. Let v(y) = 4*i(y) + l(y). Suppose -62 = -26*q + 16. What is the remainder when 25 is divided by v(q)?
11
Let d = 2619 - 2470. Calculate the remainder when d is divided by 75.
74
Suppose -5*p - 44 = -4*m, 2*m - p = 3*m - 20. Suppose -a + m = -17. What is the remainder when a is divided by (-20)/110 - (-101)/11?
6
Let j(m) = -179*m**2 + 2255*m + 27. What is the remainder when j(12) is divided by 24?
15
What is the remainder when (1352/(-40))/((-5)/50) is divided by 110?
8
Suppose 13*o = o + 1092. Let r = -10 + o. What is the remainder when r is divided by 6?
3
Suppose -1447*s + 1462*s = 11460. Calculate the remainder when s is divided by 141.
59
Let z = -103 - -116. Let g(t) = 337*t**2 - 19*t + 18. What is the remainder when g(1) is divided by z?
11
Let w(j) = -2*j**3 - 25*j**2 + 18*j - 14. Suppose v + 2*v - 162 = 0. Calculate the remainder when w(-14) is divided by v.
52
Let h(u) = -4*u - 13. Let n(d) = -3*d**2 + 5*d - 11. Let b be n(3). Calculate the remainder when h(b) is divided by 21.
16
Let i(j) = j**2 + 3. Let t be i(-5). Suppose -2*p + t + 10 = 0. Suppose -59*b - 30*b + 2475 = -56*b. What is the remainder when b is divided by p?
18
What is the remainder when 1449 is divided by (-8)/(-22) - 43439/(-1331)?
30
Suppose -16*w + 117 = -3*w. Calculate the remainder when 23 is divided by w.
5
Suppose -25*j - 22 = -26*j. Let y(f) = f**3 - 3*f**2 - f - 8. What is the remainder when j is divided by y(4)?
2
Calculate the remainder when 955 is divided by ((-136)/24 - -3)*(-178 + 1).
11
Calculate the remainder when ((-16)/4 + 37)/(12/252) is divided by 41.
37
Let l be (-5)/(-10)*8 - 5. Let h(w) = w**2 - 43*w**3 + 1 + 11*w - 12*w - w + 3*w. What is the remainder when 131 is divided by h(l)?
43
Let b be 3/7*(-308)/(-44). What is the remainder when 127 is divided by (b - 6/(-9))/(8/24)?
6
Calculate the remainder when 13/((-65)/20) - (-352 - 7) is divided by 24.
19
Suppose -28 = -p + 20. Suppose -4 = 10*z + 76. Let i(m) = -3*m - 7. What is the remainder when p is divided by i(z)?
14
Let w(g) be the first derivative of 2*g**3/3 - 10*g**2 + 11*g - 18. Calculate the remainder when w(12) is divided by 17 - ((0 - -1) + -4).
19
Suppose 4*c - 2237 = -4*f + 7*c, f - 568 = -c. Let p = -326 + f. What is the remainder when p is divided by 60?
57
Suppose 577 = 2*a + 5*q + 110, -3*q - 206 = -a. Calculate the remainder when a is divide